ime number?
False
Is 62461 a composite number?
True
Is 11677 composite?
False
Is 32987 a composite number?
False
Is 41719 a composite number?
False
Is 304881 a prime number?
False
Is 299329 a prime number?
True
Is 18533 composite?
True
Is 41729 prime?
True
Is 272171 a composite number?
False
Is 14255 a prime number?
False
Is 8147 a composite number?
False
Is 1048153 composite?
True
Is 10231 prime?
False
Is 37397 prime?
True
Is 488119 a prime number?
True
Is 1693 prime?
True
Is 136622 composite?
True
Is 4699 a prime number?
False
Is 198031 composite?
False
Is 71983 a composite number?
False
Is 1187 a prime number?
True
Is 576983 prime?
False
Is 278051 a prime number?
True
Is 84817 a composite number?
True
Is 66821 prime?
True
Is 955 prime?
False
Is 15793 a composite number?
True
Is 5981 a composite number?
False
Is 10643 a prime number?
False
Is 27719 a prime number?
False
Is 4327 a composite number?
False
Is 45233 composite?
False
Is 109229 composite?
False
Is 4253 a prime number?
True
Is 874402 prime?
False
Is 155201 composite?
False
Is 29789 a composite number?
False
Is 886421 a prime number?
True
Is 5731 composite?
True
Is 5723 composite?
True
Is 1880093 prime?
True
Is 1003189 a prime number?
False
Is 1009 a composite number?
False
Is 7621 prime?
True
Is 127 a composite number?
False
Is 553769 prime?
True
Is 220501 composite?
True
Is 228007 composite?
True
Is 75931 prime?
True
Is 125519 a prime number?
False
Is 12047 composite?
True
Is 303217 a prime number?
True
Is 98081 a composite number?
False
Is 191147 composite?
True
Is 150779 prime?
True
Is 11629 a composite number?
True
Is 9019 composite?
True
Is 89861 composite?
True
Is 106391 prime?
True
Is 601753 composite?
True
Is 96569 a prime number?
False
Is 4358 prime?
False
Is 8223 composite?
True
Is 37429 a prime number?
False
Is 178013 prime?
False
Is 767362 a prime number?
False
Is 19973 composite?
False
Is 2205703 a composite number?
False
Is 129 a composite number?
True
Is 7067 prime?
False
Is 311117 prime?
False
Is 74541 prime?
False
Is 40601 composite?
True
Is 2657 a prime number?
True
Is 319289 a prime number?
True
Is 32842 a composite number?
True
Is 157019 composite?
False
Is 246097 prime?
True
Is 20105 composite?
True
Is 133153 prime?
True
Is 1298149 composite?
False
Is 26063 a composite number?
True
Is 3838597 a prime number?
False
Is 519907 prime?
True
Is 1733 a composite number?
False
Is 797 composite?
False
Is 3551 prime?
False
Is 108497 prime?
True
Is 538871 prime?
True
Is 347489 a prime number?
True
Is 817 prime?
False
Is 765409 prime?
True
Is 3419501 a prime number?
False
Is 12295 prime?
False
Is 141385 a prime number?
False
Is 255353 a prime number?
False
Is 591 a composite number?
True
Is 4831 composite?
False
Is 28641 a prime number?
False
Is 7715 a composite number?
True
Is 2333 prime?
True
Is 71035 composite?
True
Is 1040831 composite?
True
Is 2855791 prime?
True
Is 722741 a composite number?
True
Is 286441 composite?
True
Is 4861 a prime number?
True
Is 831731 prime?
True
Is 866858 a composite number?
True
Is 23109 composite?
True
Is 629539 a prime number?
False
Is 14759 a composite number?
False
Is 8391 a composite number?
True
Is 130994 a composite number?
True
Is 28685 a prime number?
False
Is 33379 a prime number?
False
Is 114047 a composite number?
True
Is 4283 composite?
False
Is 407 a prime number?
False
Is 1529 a prime number?
False
Is 5039 a composite number?
False
Is 1305371 composite?
False
Is 17077 a prime number?
True
Is 71515 a prime number?
False
Is 835369 a prime number?
True
Is 8663 prime?
True
Is 1439 composite?
False
Is 39733 a composite number?
False
Is 143053 prime?
True
Is 31343 a prime number?
False
Is 3163 a prime number?
True
Is 45941 a prime number?
False
Is 242191 a composite number?
True
Is 1175803 a prime number?
True
Is 36523 prime?
True
Is 992179 a composite number?
False
Is 2051 composite?
True
Is 4391 composite?
False
Is 5483 composite?
False
Is 2436209 a composite number?
False
Is 113989 a prime number?
True
Is 9411 composite?
True
Is 32677 a prime number?
False
Is 5447 prime?
False
Is 36987 a prime number?
False
Is 295967 a prime number?
False
Is 447179 a composite number?
False
Is 62221 a prime number?
False
Is 121567 composite?
True
Is 19678 composite?
True
Is 94469 prime?
False
Is 414479 composite?
True
Is 11579 a composite number?
False
Is 62614 composite?
True
Is 106999 prime?
False
Is 2380141 a prime number?
True
Is 185951 prime?
True
Is 1155821 prime?
True
Is 13535 a prime number?
False
Is 6463 prime?
False
Is 1429159 composite?
True
Is 58009 a composite number?
True
Is 46919 a prime number?
True
Is 643778 a prime number?
False
Is 27223 a composite number?
True
Is 1058377 composite?
False
Is 331 a prime number?
True
Is 48667 prime?
False
Is 50173 prime?
False
Is 121909 a composite number?
False
Is 1014181 a prime number?
False
Is 3641 a prime number?
False
Is 17239 a prime number?
True
Is 97863 composite?
True
Is 113317 a prime number?
False
Is 2203 composite?
False
Is 911 prime?
True
Is 13259 prime?
True
Is 469 prime?
False
Is 10211 a composite number?
False
Is 7793 a prime number?
True
Is 99961 composite?
False
Is 9661 composite?
False
Is 35669 prime?
False
Is 131117 a composite number?
True
Is 16579 a prime number?
False
Is 667519 prime?
True
Is 192965 a composite number?
True
Is 107441 a prime number?
True
Is 11213 composite?
False
Is 609853 a prime number?
False
Is 13094 a composite number?
True
Is 135661 a composite number?
False
Is 23699 prime?
False
Is 51619 a prime number?
False
Is 13235 a prime number?
False
Is 311677 a composite number?
False
Is 260483 composite?
False
Is 8997 composite?
True
Is 115337 prime?
True
Is 100033 prime?
False
Is 13817 a prime number?
False
Is 213415 a composite number?
True
Is 3862 prime?
False
Is 5669 prime?
True
Is 127051 a composite number?
False
Is 3819887 composite?
True
Is 256271 a prime number?
False
Is 555557 composite?
False
Is 81013 a prime number?
True
Is 572773 composite?
True
Is 56841 a prime number?
False
Is 151421 composite?
True
Is 151597 prime?
True
Is 61107 a prime number?
False
Is 13411 composite?
False
Is 56011 composite?
True
Is 4621 prime?
True
Is 157 a composite number?
False
Is 573 prime?
False
Is 11657 prime?
True
Is 47041 composite?
False
Is 1537 prime?
False
Is 78745 a composite number?
True
Is 23957 prime?
True
Is 16321 a composite number?
True
Is 575821 a composite number?
False
Is 6863 prime?
True
Is 17551 a prime number?
True
Is 10831 a composite number?
False
Is 28199 a prime number?
False
Is 93397 composite?
True
Is 40577 prime?
True
Is 68135 a composite number?
True
Is 1029907 a prime number?
True
Is 38371 a composite number?
False
Is 13087 a composite number?
True
Is 101663 composite?
False
Is 20369 a prime number?
True
Is 59315 composite?
True
Is 24221 prime?
False
Is 7237 a prime number?
True
Is 1594 a composite number?
True
Is 58657 a composite number?
False
Is 4453 a prime number?
False
Is 26581 prime?
False
Is 31718 a composite number?
True
Is 1496257 composite?
True
Is 77207 composite?
True
Is 205 composite?
True
Is 382843 a prime number?
True
Is 6839 composite?
True
Is 14281 composite?
False
Is 316763 a prime number?
False
Is 182051 prime?
False
Is 2921 a composite number?
True
Is 183247 a prime number?
True
Is 11311 composite?
False
Is 161221 a prime number?
True
Is 453819 a prime number?
False
Is 53983 a composite number?
True
Is 46135 composite?
True
Is 267181 a composite number?
True
Is 29837 a prime number?
True
Is 1111 composite?
True
Is 55049 composite?
False
Is 71569 a composite number?
False
Is 166457 a composite number?
False
Is 5683 a prime number?
True
Is 220291 prime?
True
Is 71543 prime?
False
Is 28139 a prime number?
False
Is 586 composite?
True
Is 149 composite?
False
Is 57413 composite?
False
Is 26029 prime?
True
Is 117307 prime?
True
Is 39881 a composite number?
True
Is 585313 prime?
True
Is 38879 composite?
True
Is 1060549 a prime number?
False
Is 170219 prime?
False
Is 76231 prime?
True
Is 322849 composite?
False
Is 2702459 a composite number?
True
Is 279221 composite?
False
Is 23033 composite?
True
Is 13829 composite?
False
Is 152509 a composite number?
True
Is 24439 a composite number?
False
Is 13777 a prime number?
Fal